{"id":43,"date":"2023-06-10T20:38:56","date_gmt":"2023-06-10T20:38:56","guid":{"rendered":"https:\/\/unioncomercial.com.ar\/sitio\/?page_id=43"},"modified":"2023-08-29T00:56:17","modified_gmt":"2023-08-29T00:56:17","slug":"procedimientos","status":"publish","type":"page","link":"https:\/\/unioncomercial.com.ar\/sitio\/procedimientos\/","title":{"rendered":"\u00bfC\u00f3mo ser Socio?"},"content":{"rendered":"\n<p>Complete el formulario, con los datos requeridos de su comercio\/empresa.<br>Una vez enviada la solicitud ser\u00e1 visada por nuestro Consejo Directivo, quienes aprueban los nuevos ingresos en un periodo aproximado de 15 d\u00edas h\u00e1biles posteriores a la presentaci\u00f3n de la solicitud.<br>De ser aprobado:<\/p>\n\n\n\n<ol class=\"wp-block-list\">\n<li>Se le notificar\u00e1 y se le har\u00e1 entrega del certificado de bienvenida donde constar\u00e1 su N\u00famero de Socio con el que podr\u00e1 contar con los beneficios de ser parte de nuestra instituci\u00f3n.<\/li>\n\n\n\n<li>Ser\u00e1 incorporado a los grupos de WhatsApp exclusivos para socios en los que \u00fanicamente se notifica informaci\u00f3n relevante.<\/li>\n<\/ol>\n\n\n\n<div class=\"wp-block-buttons has-custom-font-size has-medium-font-size is-content-justification-center is-layout-flex wp-container-core-buttons-is-layout-a89b3969 wp-block-buttons-is-layout-flex\" style=\"font-style:normal;font-weight:400;text-decoration:none\">\n<div class=\"wp-block-button is-style-fill\"><a class=\"wp-block-button__link wp-element-button\" href=\"https:\/\/docs.google.com\/forms\/d\/e\/1FAIpQLSd_OwPK43EnmCg8rQOAv2cITsZIfw7WYPv3y_iBQPrF9ccH7g\/viewform\" target=\"_blank\" rel=\"noreferrer noopener\">Formulario<\/a><\/div>\n<\/div>\n","protected":false},"excerpt":{"rendered":"<p>Complete el formulario, con los datos requeridos de su comercio\/empresa.Una vez enviada la solicitud ser\u00e1 visada por nuestro Consejo Directivo, quienes aprueban los nuevos ingresos en un periodo aproximado de 15 d\u00edas h\u00e1biles posteriores a la presentaci\u00f3n de la solicitud.De ser aprobado:<\/p>\n","protected":false},"author":2,"featured_media":0,"parent":0,"menu_order":0,"comment_status":"closed","ping_status":"closed","template":"","meta":{"_vp_format_video_url":"","_vp_image_focal_point":[],"footnotes":""},"class_list":["post-43","page","type-page","status-publish","hentry"],"_links":{"self":[{"href":"https:\/\/unioncomercial.com.ar\/sitio\/wp-json\/wp\/v2\/pages\/43","targetHints":{"allow":["GET"]}}],"collection":[{"href":"https:\/\/unioncomercial.com.ar\/sitio\/wp-json\/wp\/v2\/pages"}],"about":[{"href":"https:\/\/unioncomercial.com.ar\/sitio\/wp-json\/wp\/v2\/types\/page"}],"author":[{"embeddable":true,"href":"https:\/\/unioncomercial.com.ar\/sitio\/wp-json\/wp\/v2\/users\/2"}],"replies":[{"embeddable":true,"href":"https:\/\/unioncomercial.com.ar\/sitio\/wp-json\/wp\/v2\/comments?post=43"}],"version-history":[{"count":4,"href":"https:\/\/unioncomercial.com.ar\/sitio\/wp-json\/wp\/v2\/pages\/43\/revisions"}],"predecessor-version":[{"id":491,"href":"https:\/\/unioncomercial.com.ar\/sitio\/wp-json\/wp\/v2\/pages\/43\/revisions\/491"}],"wp:attachment":[{"href":"https:\/\/unioncomercial.com.ar\/sitio\/wp-json\/wp\/v2\/media?parent=43"}],"curies":[{"name":"wp","href":"https:\/\/api.w.org\/{rel}","templated":true}]}}